{"id":1662,"date":"2024-04-17T15:40:49","date_gmt":"2024-04-17T13:40:49","guid":{"rendered":"https:\/\/projekteuropa.uwr.edu.pl\/?page_id=1662"},"modified":"2024-05-01T13:02:22","modified_gmt":"2024-05-01T11:02:22","slug":"program-konferencji-gra-o-wysoka-stawke-wybory-do-parlamentu-europejskiego-w-czasach-multikryzysu","status":"publish","type":"page","link":"https:\/\/projekteuropa.uwr.edu.pl\/english\/konferencja-eurowybory-2024\/program-konferencji-gra-o-wysoka-stawke-wybory-do-parlamentu-europejskiego-w-czasach-multikryzysu\/","title":{"rendered":"Program konferencji:"},"content":{"rendered":"<h5 class=\"wp-block-heading\"><strong>Gra o wysok\u0105 stawk\u0119: wybory do Parlamentu Europejskiego w czasach multikryzysu<\/strong>&nbsp;<\/h5>\n\n\n\n<div class=\"wp-block-buttons is-layout-flex wp-block-buttons-is-layout-flex\">\n<div class=\"wp-block-button\"><a class=\"wp-block-button__link wp-element-button\" href=\"https:\/\/projekteuropa.uwr.edu.pl\/english\/conference-programme\/\">SWITCH TO ENGLISH \ud83c\uddec\ud83c\udde7<\/a><\/div>\n<\/div>\n\n\n\n<div class=\"wp-block-columns is-layout-flex wp-container-core-columns-is-layout-28f84493 wp-block-columns-is-layout-flex\">\n<div class=\"wp-block-column is-layout-flow wp-block-column-is-layout-flow\" style=\"padding-top:var(--wp--preset--spacing--20);padding-bottom:var(--wp--preset--spacing--20)\"><\/div>\n<\/div>\n\n\n\n<h4 class=\"wp-block-heading\"><strong>7 maja (wtorek)<\/strong>&nbsp;<\/h4>\n\n\n\n<p><strong>LOKALIZACJA: <\/strong>Wydzia\u0142 Nauk Spo\u0142ecznych&nbsp;Uniwersytetu Wroc\u0142awskiego, ul. Koszarowa 3&nbsp; (Instytut Politologii, Instytut Studi\u00f3w Mi\u0119dzynarodowych i Bezpiecze\u0144stwa)<\/p>\n\n\n\n<div class=\"wp-block-columns is-layout-flex wp-container-core-columns-is-layout-28f84493 wp-block-columns-is-layout-flex\">\n<div class=\"wp-block-column is-layout-flow wp-block-column-is-layout-flow\"><\/div>\n<\/div>\n\n\n\n<p><span><mark style=\"font-weight: bold; background-color: rgb(92, 92, 92);\" class=\"has-inline-color has-body-alt-color\"> 10:00 \u2013 11:00 <\/mark><\/span><strong>  R<\/strong><strong>ejestracja uczestnik\u00f3w konferencji<\/strong> (Instytut Politologii)&nbsp;&nbsp;<\/p>\n\n\n\n<p><strong><strong><mark style=\"background-color:#5C5C5C\" class=\"has-inline-color has-body-alt-color\"> 11:15 <\/mark><\/strong>&nbsp;<\/strong> <strong>Otwarcie konferencji<\/strong> (Aula ABC, Instytut Politologii)&nbsp; [PL\/EN]<\/p>\n\n\n\n<ul class=\"wp-block-list\">\n<li>prof. dr hab. Robert Alberski, dziekan Wydzia\u0142u Nauk Spo\u0142ecznych&nbsp;<\/li>\n\n\n\n<li>dr hab. prof. UWr Aleksandra Maatsch, kierowniczka Katedry Jeana Monneta&nbsp;&nbsp;<\/li>\n\n\n\n<li>dr hab. Piotr Grabowiec, dyrektor Instytutu Studi\u00f3w Europejskich&nbsp;<\/li>\n\n\n\n<li>dr hab. prof. UWr Dariusz Skrzypi\u0144ski, dyrektor Instytutu Politologii&nbsp;<\/li>\n\n\n\n<li>Maja W\u0142odarczyk, Ko\u0142o Naukowe Interdyscyplinarnych Dzia\u0142a\u0144 Europejskich&nbsp;<\/li>\n\n\n\n<li>Oliwia Niedobecka, Ko\u0142o Naukowe Projekt Europa&nbsp;<\/li>\n<\/ul>\n\n\n\n<p><strong><strong><mark style=\"background-color:#5C5C5C\" class=\"has-inline-color has-body-alt-color\"> 11:30 \u2013 13:00 <\/mark><\/strong>  #Przysz\u0142o\u015b\u0107Europy:  debata&nbsp; student\u00f3w z kandydatami do Parlamentu Europejskiego<\/strong> (Aula ABC, Instytut Politologii)&nbsp;&nbsp;[PL\/EN]<\/p>\n\n\n\n<ul class=\"wp-block-list\">\n<li>informacje o uczestnikach wkr\u00f3tce<\/li>\n<\/ul>\n\n\n\n<p><strong>Moderatorzy: <\/strong>Marianna Bart\u0142omiejus-Samo\u0142yk, KN IDE; Jakub S\u0142awi\u0144ski Projekt Europa&nbsp;<\/p>\n\n\n\n<p><strong><strong><mark style=\"background-color:#5C5C5C\" class=\"has-inline-color has-body-alt-color\"> 13:00 \u2013 14:00 <\/mark><\/strong><\/strong>  <strong>Przerwa kawowa<\/strong>&nbsp; (patio lub w przy wej\u015bciu do auli, Instytut Politologii)&nbsp;<\/p>\n\n\n\n<p><strong><strong><mark style=\"background-color:#5C5C5C\" class=\"has-inline-color has-body-alt-color\"> 14:00 \u2013 15:30 <\/mark><\/strong><\/strong> <strong>Debata ekspercka: Wybory do PE w Polsce: trzeciorz\u0119dna elekcja na poziomie krajowym o kluczow\u0105 stawk\u0119 na poziomie UE <\/strong>(glass-room, budynek Instytutu Studi\u00f3w Mi\u0119dzynarodowych, parter)&nbsp;[PL]<\/p>\n\n\n\n<ul class=\"wp-block-list\">\n<li>dr Barbara Brodzi\u0144ska-Mirowska, Uniwersytet Miko\u0142aja Kopernika w Toruniu&nbsp;<\/li>\n\n\n\n<li>dr hab. Marek Migalski, prof. Uniwersytetu \u015al\u0105skiego&nbsp;<\/li>\n\n\n\n<li>dr hab. Wojciech Rafa\u0142owski, Uniwersytet Warszawski&nbsp;<\/li>\n\n\n\n<li>dr hab. Anna Siewierska-Chmaj, prof. Uniwersytetu Rzeszowskiego&nbsp;<\/li>\n<\/ul>\n\n\n\n<p><strong>Moderatorka:<\/strong> prof. dr hab. Anna Pacze\u015bniak, Uniwersytet Wroc\u0142awski&nbsp;<\/p>\n\n\n\n<p><strong><strong><mark style=\"background-color:#5C5C5C\" class=\"has-inline-color has-body-alt-color\"> 15:30 \u2013 16:00 <\/mark><\/strong> <\/strong> <strong>Przerwa kawowa<\/strong> (glass-room, Instytut Studi\u00f3w Mi\u0119dzynarodowych i Bezpiecze\u0144stwa)&nbsp;<\/p>\n\n\n\n<p><strong><strong><mark style=\"background-color:#5C5C5C\" class=\"has-inline-color has-body-alt-color\"> 19:00 <\/mark><\/strong>  Kolacja&nbsp; <\/strong>(Hotel Art, ul.Kie\u0142ba\u015bnicza 20, 50-110 Wroc\u0142aw)&nbsp;<\/p>\n\n\n\n<div class=\"wp-block-columns is-layout-flex wp-container-core-columns-is-layout-28f84493 wp-block-columns-is-layout-flex\">\n<div class=\"wp-block-column is-vertically-aligned-top is-layout-flow wp-block-column-is-layout-flow\" style=\"padding-top:var(--wp--preset--spacing--60);padding-bottom:var(--wp--preset--spacing--60)\"><\/div>\n<\/div>\n\n\n\n<h4 class=\"wp-block-heading\"><strong>8 maja (\u015broda)<\/strong>&nbsp;<\/h4>\n\n\n\n<p><strong>LOKALIZACJA: <\/strong>Dom Europy, ul. Widok 10, Wroc\u0142aw<strong>&nbsp;<\/strong><\/p>\n\n\n\n<div class=\"wp-block-columns is-layout-flex wp-container-core-columns-is-layout-28f84493 wp-block-columns-is-layout-flex\">\n<div class=\"wp-block-column is-layout-flow wp-block-column-is-layout-flow\"><\/div>\n<\/div>\n\n\n\n<p><strong><strong><mark style=\"background-color:#5C5C5C\" class=\"has-inline-color has-body-alt-color\"> 10:00 <\/mark><\/strong>&nbsp;&nbsp;Rejestracja uczestnik\u00f3w&nbsp;&nbsp;<\/strong><\/p>\n\n\n\n<p><strong><strong><mark style=\"background-color:#5C5C5C\" class=\"has-inline-color has-body-alt-color\"> 10:20 <\/mark><\/strong>&nbsp; Powitanie go\u015bci, Leszek Ga\u015b &#8211; dyrektor Biura Parlamentu Europejskiego we Wroc\u0142awiu<\/strong>&nbsp;[PL\/EN]<\/p>\n\n\n\n<p><strong><strong><mark style=\"background-color:#5C5C5C\" class=\"has-inline-color has-body-alt-color\"> 10:30 \u2013 11:00 <\/mark><\/strong>&nbsp;&nbsp; <\/strong>Keynote: <strong>Defending democracy. The upcoming European Elections<\/strong>. <strong>Stephen Clark, Director of Liaison Offices, European Parliament&nbsp;<\/strong>&nbsp;[PL\/EN]<\/p>\n\n\n\n<p><strong><strong><mark style=\"background-color:#5C5C5C\" class=\"has-inline-color has-body-alt-color\"> 11:00 \u2013 12:30 <\/mark><\/strong>&nbsp; Debata ekspercka<\/strong>: <strong>The Future of EU Democracy and Institutional Reforms after European elections<\/strong>&nbsp;[PL\/EN]<\/p>\n\n\n\n<ul class=\"wp-block-list\">\n<li>Marek Prawda, Podsekretarz Stanu, Ministerstwo Spraw Zagranicznych&nbsp;<\/li>\n\n\n\n<li>Kalypso Nicolaidis, Chair in Global Affairs, School of Transnational Governance, European University Institute&nbsp;&nbsp;<\/li>\n\n\n\n<li>Jaros\u0142aw Pietras, Senior Research Associate, Wilfried Martens Centre&nbsp;<\/li>\n\n\n\n<li>Thu Nguyen, Deputy Director Jacques Delors Centre&nbsp;<\/li>\n\n\n\n<li>Nicolai von Ondarza, Head of Europe Division, Berlin Institute for European and Security Affairs&nbsp;<\/li>\n<\/ul>\n\n\n\n<p><strong>Moderatorka:<\/strong> Karolina Boro\u0144ska-Hryniewiecka, Profesorka Uniwersytetu Wroc\u0142awskiego, ekspertka Team Europe Direct&nbsp;<\/p>\n\n\n\n<p><strong><strong><mark style=\"background-color:#5C5C5C\" class=\"has-inline-color has-body-alt-color\"> 12:30 \u2013 13:30 <\/mark><\/strong>\u2013 lunch<\/strong>&nbsp;<\/p>\n\n\n\n<p><strong><strong><mark style=\"background-color:#5C5C5C\" class=\"has-inline-color has-body-alt-color\"> 13:30 \u2013 14:15 <\/mark><\/strong>&nbsp; Debata studencka<\/strong>: <strong>Demokracja bez m\u0142odych? Wyzwania frekwencji wyborczej w Unii Europejskiej<\/strong> [PL]&nbsp;<\/p>\n\n\n\n<ul class=\"wp-block-list\">\n<li>Maja W\u0142odarczyk, prezeska Ko\u0142a Naukowego Interdyscyplinarnych Dzia\u0142a\u0144 Europejskich,<s>&nbsp;<\/s> Global Studies, 3 rok, UWr&nbsp;<\/li>\n\n\n\n<li>Weronika Danilewicz, Ko\u0142o Naukowe \u201cProjekt Europa\u201d, dyplomacja europejska, 3 rok, UWr&nbsp;<\/li>\n\n\n\n<li>Jan Normann, Ko\u0142o Naukowe \u201cProjekt Europa\u201d, dyplomacja europejska, 3 rok, UWr&nbsp;<\/li>\n<\/ul>\n\n\n\n<p><strong>Moderator:<\/strong> dr Marek Goli\u0144czak, Instytut Studi\u00f3w Europejskich, UWr.&nbsp;&nbsp;<\/p>\n\n\n\n<p><strong><mark style=\"background-color:#5C5C5C\" class=\"has-inline-color has-body-alt-color\"> 14:15 \u2013 15:00 <\/mark><\/strong> <strong>Debata uczniowska<\/strong>: <strong>Perspectives of lowering the voting age in the context of the European Parliment elections&nbsp;<\/strong>[PL]<\/p>\n\n\n\n<ul class=\"wp-block-list\">\n<li>Jakub Juszczak, Liceum nr 16 we Wroc\u0142awiu, rzecznik M\u0142odzie\u017cowej Rady Miasta Wroc\u0142awia&nbsp;<\/li>\n\n\n\n<li>Mi\u0142osz Krupa, Liceum nr 12 we Wroc\u0142awiu, wiceprzewodnicz\u0105cy M\u0142odzie\u017cowego Sejmiku Wojew\u00f3dztwa Dolno\u015bl\u0105skiego&nbsp;<\/li>\n<\/ul>\n\n\n\n<p><strong>Moderatorka:<\/strong> Oliwia Niedobecka, Ko\u0142o Naukowe \u201cProjekt Europa\u201d<\/p>\n\n\n\n<div class=\"wp-block-columns is-layout-flex wp-container-core-columns-is-layout-28f84493 wp-block-columns-is-layout-flex\">\n<div class=\"wp-block-column is-layout-flow wp-block-column-is-layout-flow\" style=\"padding-top:var(--wp--preset--spacing--40);padding-bottom:var(--wp--preset--spacing--40)\"><\/div>\n<\/div>\n\n\n\n<h4 class=\"wp-block-heading\">LOKALIZACJE:\u00a0<\/h4>\n\n\n\n<div class=\"wp-block-emgb-map\"><iframe src=\"https:\/\/maps.google.com\/maps?q=Instytut+Politologii+Uniwersytetu+Wroc%C5%82awskiego&amp;z=13&amp;t=m&amp;output=embed\" style=\"border:0;height:400px;width:100%\" class=\"emb__height_7848e7d9\" title=\"Instytut Politologii Uniwersytetu Wroc\u0142awskiego\"><\/iframe><\/div>\n\n\n\n<div class=\"wp-block-emgb-map\"><iframe src=\"https:\/\/maps.google.com\/maps?q=Instytut+Studi%C3%B3w+Mi%C4%99dzynarodowych+i+Bezpiecze%C5%84stwa&amp;z=13&amp;t=m&amp;output=embed\" style=\"border:0;height:400px;width:100%\" class=\"emb__height_6bc6b152\" title=\"Instytut Studi\u00f3w Mi\u0119dzynarodowych i Bezpiecze\u0144stwa\"><\/iframe><\/div>\n\n\n\n<div class=\"wp-block-emgb-map\"><iframe src=\"https:\/\/maps.google.com\/maps?q=Art+Hotel+Wroc%C5%82aw&amp;z=13&amp;t=m&amp;output=embed\" style=\"border:0;height:400px;width:100%\" class=\"emb__height_d4a957d5\" title=\"Art Hotel Wroc\u0142aw\"><\/iframe><\/div>\n\n\n\n<div class=\"wp-block-emgb-map\"><iframe src=\"https:\/\/maps.google.com\/maps?q=Punkt+Informacyjny+Unii+Europejskiej+we+Wroc%C5%82awiu+%28Dom+Europy%29&amp;z=13&amp;t=m&amp;output=embed\" style=\"border:0;height:400px;width:100%\" class=\"emb__height_4d53d012\" title=\"Punkt Informacyjny Unii Europejskiej we Wroc\u0142awiu (Dom Europy)\"><\/iframe><\/div>\n\n\n\n<div class=\"wp-block-columns alignfull are-vertically-aligned-center is-not-stacked-on-mobile has-xsmall-font-size is-layout-flex wp-container-core-columns-is-layout-36754107 wp-block-columns-is-layout-flex\" style=\"margin-top:0;margin-bottom:0;padding-top:var(--wp--preset--spacing--50);padding-right:0;padding-bottom:0;padding-left:0\">\n<div class=\"wp-block-column is-vertically-aligned-center is-layout-flow wp-block-column-is-layout-flow\" style=\"padding-top:0;padding-right:0;padding-bottom:0;padding-left:0;flex-basis:48%\">\n<hr class=\"wp-block-separator has-alpha-channel-opacity is-style-wide\"\/>\n<\/div>\n\n\n\n<div class=\"wp-block-column is-vertically-aligned-center is-layout-flow wp-block-column-is-layout-flow\" style=\"padding-top:0;padding-right:0;padding-bottom:0;padding-left:0;flex-basis:320px\">\n<p class=\"has-text-align-center has-tiny-plus-font-size\" style=\"font-style:normal;font-weight:600\">Conference organizers<\/p>\n<\/div>\n\n\n\n<div class=\"wp-block-column is-vertically-aligned-center is-layout-flow wp-block-column-is-layout-flow\" style=\"padding-top:0;padding-right:0;padding-bottom:0;padding-left:0;flex-basis:48%\">\n<hr class=\"wp-block-separator has-alpha-channel-opacity is-style-wide\"\/>\n<\/div>\n<\/div>\n\n\n\n<div class=\"wp-block-group alignwide has-global-padding is-layout-constrained wp-block-group-is-layout-constrained\" style=\"margin-top:0;margin-bottom:0;padding-top:var(--wp--preset--spacing--50);padding-bottom:var(--wp--preset--spacing--50)\">\n<div class=\"wp-block-group alignwide is-content-justification-space-between is-layout-flex wp-container-core-group-is-layout-09dd9a96 wp-block-group-is-layout-flex\" style=\"margin-top:0;margin-bottom:0\">\n<figure class=\"wp-block-image size-full is-resized\"><img loading=\"lazy\" decoding=\"async\" width=\"1112\" height=\"359\" src=\"https:\/\/projekteuropa.uwr.edu.pl\/wp-content\/uploads\/2024\/04\/Logo-UWr-obrazek_duzy_4094608.jpg\" alt=\"\" class=\"wp-image-1852\" style=\"width:auto;height:50px\" srcset=\"https:\/\/projekteuropa.uwr.edu.pl\/wp-content\/uploads\/2024\/04\/Logo-UWr-obrazek_duzy_4094608.jpg 1112w, https:\/\/projekteuropa.uwr.edu.pl\/wp-content\/uploads\/2024\/04\/Logo-UWr-obrazek_duzy_4094608-300x97.jpg 300w, https:\/\/projekteuropa.uwr.edu.pl\/wp-content\/uploads\/2024\/04\/Logo-UWr-obrazek_duzy_4094608-1024x331.jpg 1024w, https:\/\/projekteuropa.uwr.edu.pl\/wp-content\/uploads\/2024\/04\/Logo-UWr-obrazek_duzy_4094608-768x248.jpg 768w, https:\/\/projekteuropa.uwr.edu.pl\/wp-content\/uploads\/2024\/04\/Logo-UWr-obrazek_duzy_4094608-18x6.jpg 18w\" sizes=\"auto, (max-width: 1112px) 100vw, 1112px\" \/><\/figure>\n\n\n\n<figure class=\"wp-block-image size-large is-resized\"><img loading=\"lazy\" decoding=\"async\" width=\"1654\" height=\"1654\" src=\"https:\/\/projekteuropa.uwr.edu.pl\/wp-content\/uploads\/2024\/04\/logo-projekt-eu-edited.jpg\" alt=\"\" class=\"wp-image-1855\" style=\"width:auto;height:100px\" srcset=\"https:\/\/projekteuropa.uwr.edu.pl\/wp-content\/uploads\/2024\/04\/logo-projekt-eu-edited.jpg 1654w, https:\/\/projekteuropa.uwr.edu.pl\/wp-content\/uploads\/2024\/04\/logo-projekt-eu-edited-300x300.jpg 300w, https:\/\/projekteuropa.uwr.edu.pl\/wp-content\/uploads\/2024\/04\/logo-projekt-eu-edited-1024x1024.jpg 1024w, https:\/\/projekteuropa.uwr.edu.pl\/wp-content\/uploads\/2024\/04\/logo-projekt-eu-edited-150x150.jpg 150w, https:\/\/projekteuropa.uwr.edu.pl\/wp-content\/uploads\/2024\/04\/logo-projekt-eu-edited-768x768.jpg 768w, https:\/\/projekteuropa.uwr.edu.pl\/wp-content\/uploads\/2024\/04\/logo-projekt-eu-edited-1536x1536.jpg 1536w, https:\/\/projekteuropa.uwr.edu.pl\/wp-content\/uploads\/2024\/04\/logo-projekt-eu-edited-12x12.jpg 12w\" sizes=\"auto, (max-width: 1654px) 100vw, 1654px\" \/><\/figure>\n\n\n\n<figure class=\"wp-block-image size-full is-resized\"><img loading=\"lazy\" decoding=\"async\" width=\"163\" height=\"163\" src=\"https:\/\/projekteuropa.uwr.edu.pl\/wp-content\/uploads\/2024\/04\/ide-logo-e1682319820745-edited.png\" alt=\"\" class=\"wp-image-1858\" style=\"width:auto;height:85px\" srcset=\"https:\/\/projekteuropa.uwr.edu.pl\/wp-content\/uploads\/2024\/04\/ide-logo-e1682319820745-edited.png 163w, https:\/\/projekteuropa.uwr.edu.pl\/wp-content\/uploads\/2024\/04\/ide-logo-e1682319820745-edited-150x150.png 150w, https:\/\/projekteuropa.uwr.edu.pl\/wp-content\/uploads\/2024\/04\/ide-logo-e1682319820745-edited-12x12.png 12w\" sizes=\"auto, (max-width: 163px) 100vw, 163px\" \/><\/figure>\n\n\n\n<figure class=\"wp-block-image size-full is-resized\"><img loading=\"lazy\" decoding=\"async\" width=\"285\" height=\"118\" src=\"https:\/\/projekteuropa.uwr.edu.pl\/wp-content\/uploads\/2024\/04\/Artboard-3-copy-edited.png\" alt=\"\" class=\"wp-image-1887\" style=\"width:auto;height:60px\" srcset=\"https:\/\/projekteuropa.uwr.edu.pl\/wp-content\/uploads\/2024\/04\/Artboard-3-copy-edited.png 285w, https:\/\/projekteuropa.uwr.edu.pl\/wp-content\/uploads\/2024\/04\/Artboard-3-copy-edited-18x7.png 18w\" sizes=\"auto, (max-width: 285px) 100vw, 285px\" \/><\/figure>\n\n\n\n<figure class=\"wp-block-image size-full is-resized\"><img loading=\"lazy\" decoding=\"async\" width=\"227\" height=\"115\" src=\"https:\/\/projekteuropa.uwr.edu.pl\/wp-content\/uploads\/2024\/04\/ReDemo_logo-1.png\" alt=\"\" class=\"wp-image-1854\" style=\"width:auto;height:60px\" srcset=\"https:\/\/projekteuropa.uwr.edu.pl\/wp-content\/uploads\/2024\/04\/ReDemo_logo-1.png 227w, https:\/\/projekteuropa.uwr.edu.pl\/wp-content\/uploads\/2024\/04\/ReDemo_logo-1-18x9.png 18w\" sizes=\"auto, (max-width: 227px) 100vw, 227px\" \/><\/figure>\n\n\n\n<figure class=\"wp-block-image size-full is-resized\"><img loading=\"lazy\" decoding=\"async\" width=\"278\" height=\"102\" src=\"https:\/\/projekteuropa.uwr.edu.pl\/wp-content\/uploads\/2024\/04\/ReDemo_logo-2.png\" alt=\"\" class=\"wp-image-1857\" style=\"width:auto;height:70px\" srcset=\"https:\/\/projekteuropa.uwr.edu.pl\/wp-content\/uploads\/2024\/04\/ReDemo_logo-2.png 278w, https:\/\/projekteuropa.uwr.edu.pl\/wp-content\/uploads\/2024\/04\/ReDemo_logo-2-18x7.png 18w\" sizes=\"auto, (max-width: 278px) 100vw, 278px\" \/><\/figure>\n<\/div>\n<\/div>","protected":false},"excerpt":{"rendered":"<p>Gra o wysok\u0105 stawk\u0119: wybory do Parlamentu Europejskiego w czasach multikryzysu&nbsp; 7 maja (wtorek)&nbsp; LOKALIZACJA: Wydzia\u0142 Nauk Spo\u0142ecznych&nbsp;Uniwersytetu Wroc\u0142awskiego, ul. Koszarowa 3&nbsp; (Instytut Politologii, Instytut Studi\u00f3w Mi\u0119dzynarodowych i Bezpiecze\u0144stwa) 10:00 [&hellip;]<\/p>","protected":false},"author":2,"featured_media":0,"parent":1634,"menu_order":0,"comment_status":"closed","ping_status":"closed","template":"","meta":{"_EventAllDay":false,"_EventTimezone":"","_EventStartDate":"","_EventEndDate":"","_EventStartDateUTC":"","_EventEndDateUTC":"","_EventShowMap":false,"_EventShowMapLink":false,"_EventURL":"","_EventCost":"","_EventCostDescription":"","_EventCurrencySymbol":"","_EventCurrencyCode":"","_EventCurrencyPosition":"","_EventDateTimeSeparator":"","_EventTimeRangeSeparator":"","_EventOrganizerID":[],"_EventVenueID":[],"_OrganizerEmail":"","_OrganizerPhone":"","_OrganizerWebsite":"","_VenueAddress":"","_VenueCity":"","_VenueCountry":"","_VenueProvince":"","_VenueState":"","_VenueZip":"","_VenuePhone":"","_VenueURL":"","_VenueStateProvince":"","_VenueLat":"","_VenueLng":"","_VenueShowMap":false,"_VenueShowMapLink":false,"footnotes":""},"class_list":["post-1662","page","type-page","status-publish","hentry"],"_links":{"self":[{"href":"https:\/\/projekteuropa.uwr.edu.pl\/english\/wp-json\/wp\/v2\/pages\/1662","targetHints":{"allow":["GET"]}}],"collection":[{"href":"https:\/\/projekteuropa.uwr.edu.pl\/english\/wp-json\/wp\/v2\/pages"}],"about":[{"href":"https:\/\/projekteuropa.uwr.edu.pl\/english\/wp-json\/wp\/v2\/types\/page"}],"author":[{"embeddable":true,"href":"https:\/\/projekteuropa.uwr.edu.pl\/english\/wp-json\/wp\/v2\/users\/2"}],"replies":[{"embeddable":true,"href":"https:\/\/projekteuropa.uwr.edu.pl\/english\/wp-json\/wp\/v2\/comments?post=1662"}],"version-history":[{"count":17,"href":"https:\/\/projekteuropa.uwr.edu.pl\/english\/wp-json\/wp\/v2\/pages\/1662\/revisions"}],"predecessor-version":[{"id":1987,"href":"https:\/\/projekteuropa.uwr.edu.pl\/english\/wp-json\/wp\/v2\/pages\/1662\/revisions\/1987"}],"up":[{"embeddable":true,"href":"https:\/\/projekteuropa.uwr.edu.pl\/english\/wp-json\/wp\/v2\/pages\/1634"}],"wp:attachment":[{"href":"https:\/\/projekteuropa.uwr.edu.pl\/english\/wp-json\/wp\/v2\/media?parent=1662"}],"curies":[{"name":"wp","href":"https:\/\/api.w.org\/{rel}","templated":true}]}}